eatest common divisor of 17 and i.
17
Suppose 3*g = -27 + 81. Let s be (-33)/((-39)/18 + 2). Calculate the greatest common factor of s and g.
18
Let a be 6/27 + (-1148)/(-18). Suppose -2*t + 4*s = -a, -s - 49 - 21 = -2*t. Suppose 13 = 2*g - 23. What is the greatest common divisor of t and g?
18
Let t(h) = h + 36. Let x be t(19). Let u(q) = q - 3. Let f be u(5). Let i be 2/(f/5*1). What is the greatest common divisor of i and x?
5
Suppose 480 = 5*g - 0*g. What is the highest common factor of g and 12?
12
Let i be (4/(-10))/(2/(-10)). Let f be i/(-5) + (-1285)/(-25). Suppose s = 4*s - f. What is the highest common factor of 17 and s?
17
Let j be -1 + (-4)/(-1) - 3. Let w = 14 - j. What is the highest common factor of w and 42?
14
Suppose -2*m - 2*m = -f + 41, -4*m - 2*f - 26 = 0. Let v be (1/(-2) + -3)*10. Let q be (-2)/m - v/45. Calculate the highest common divisor of 9 and q.
1
Suppose -5*b + 20 = -4*t, -3*t - 16 = b - 5*b. Suppose b*n - 80 = -z, z - 2*n = 27 + 23. What is the highest common divisor of 24 and z?
12
Let f be (-14)/(-16)*2*36. Suppose -15 = -3*v, -y - 5*v = -0*v - f. Suppose r - y = -r. What is the highest common divisor of 57 and r?
19
Suppose -2*c = 5*i + 12, -2 = 2*i - 0*i - 2*c. Let t be -26*((-7)/i - 4). What is the greatest common factor of 130 and t?
13
Suppose 2*g = 4*f - 30, -3*f + 6*g = 2*g - 25. What is the greatest common factor of 63 and f?
7
Let x = 164 - 86. What is the greatest common factor of 39 and x?
39
Let a be (-2)/5 - 248/(-20). Let i = a + -6. Calculate the highest common factor of i and 66.
6
Let z be 12/(-15)*(-70)/4. What is the highest common factor of 70 and z?
14
Suppose 0 = -0*s + 2*s - 2. Suppose -3*y - 2*w - 6 = -y, 0 = 4*w + 16. Calculate the greatest common factor of y and s.
1
Suppose -3*q - 4 = -10. Let i(p) = 60*p. Let t be i(q). Let o = t - 75. What is the greatest common divisor of 15 and o?
15
Let s(b) = -15*b. Let g be (1 + -2)*(4 - 3). Let p be s(g). What is the highest common factor of 15 and p?
15
Suppose 4*d = 2*w - 3 - 5, -7 = -2*w + 3*d. Suppose 0 = -w*c - 0 + 8. Let p be (c/(-6))/(12/(-126)). Calculate the highest common divisor of p and 14.
7
Let d be 10/(-3)*12/(-10). Let a be 3 + (-1)/(2/d). What is the greatest common factor of a and 3?
1
Suppose 0 = -3*b + 137 + 127. What is the highest common divisor of b and 22?
22
Let q(f) = 23*f**2 + 3*f - 3. Let a be 1/(1*(-1)/(-2)). Let j be q(a). Let v(x) = -13*x - 1. Let t be v(-3). What is the greatest common divisor of j and t?
19
Suppose -5*a = 4*i - 22, 10 = 2*a - i + 2*i. What is the greatest common divisor of 78 and a?
6
Suppose 3*k - 47 - 55 = 0. Calculate the greatest common factor of k and 17.
17
Let u(c) = -c**3 + 26*c**2 + 28*c + 17. Let p be u(27). What is the greatest common factor of p and 11?
11
Suppose 10 + 6 = -5*j - n, 4*n = 16. Let o = -3 - j. Let a be 25*o*(-4 + 7). What is the greatest common divisor of 30 and a?
15
Suppose 5*f = u - 2, -2*u - 3*f + 38 = 3*u. Suppose -u = 2*y - 3*y. Calculate the highest common divisor of 77 and y.
7
Suppose 0 = 2*v - 3*h - 72, -v - 112 = -5*v - 2*h. What is the highest common divisor of v and 6?
6
Let u be (0 - -1)/(4/244). Let o(f) = -43*f**3 + f**2 - f. Let y be o(1). Let z = y + u. What is the greatest common factor of 27 and z?
9
Let m(u) = -u - 6. Let w be m(-7). Let l(n) = -n**3 + 8*n**2 + 9*n + 7. Let x be l(9). What is the highest common factor of x and w?
1
Let a = 7 + 11. What is the highest common factor of a and 27?
9
Let j be 5/((-5)/2) - 240. Let x = -81 - j. What is the highest common factor of x and 23?
23
Let w = -12 - -20. Let x be (-26)/(-4) + w/(-16). Calculate the highest common divisor of 2 and x.
2
Let l be ((-10)/4)/((-1)/6). Let k = -5 - -7. Suppose 9 = k*f + f. Calculate the highest common factor of f and l.
3
Let b = -9 - -7. Let i be b + 4 - (-14)/2. What is the highest common divisor of i and 9?
9
Let t be 3/(-3)*-2 - 4. Let a(q) = -q**3 + 2*q**2 + 5*q - 4. Let l be a(3). Let r be 53 + (2 - (l + t)). Calculate the greatest common factor of r and 22.
11
Let w(f) = 21*f**2 - 3*f + 2. Let d be w(1). Suppose 4*s - d = 0, -s - 391 = -6*b + 2*b. What is the greatest common factor of b and 11?
11
Let d be 1/(-3 - (0 - 4)). Let q be 2/3 + 6/(-9). Suppose -3*c = -3 - q. Calculate the greatest common divisor of d and c.
1
Let b = -11 - -25. What is the greatest common divisor of b and 420?
14
Suppose 19 - 47 = -4*l. Suppose 6*c - 37 = -l. What is the greatest common factor of 45 and c?
5
Suppose 0 = -3*w + 50 + 130. Calculate the highest common factor of 6 and w.
6
Suppose -13 = -c + 2*g - 3, 32 = 3*c - 4*g. Suppose h + 2*u + c = 5*h, h + u = 9. Calculate the highest common divisor of 5 and h.
5
Let x(o) = o + 9. Let b be x(0). Let u = -5 + b. Calculate the greatest common factor of 6 and u.
2
Let s(f) = -3*f - 15. Let t be s(-13). Calculate the highest common factor of 168 and t.
24
Let g(c) = c**3 - c. Let h(o) = -5*o**3 + 5*o + 12. Let x(p) = 4*g(p) + h(p). Let r be x(0). Calculate the highest common factor of r and 108.
12
Let h(d) = -13*d**3 - d. Let r be h(-1). What is the highest common factor of r and 98?
14
Let a = 161 + -49. Suppose -6*u = -a - 104. What is the highest common factor of 12 and u?
12
Let c be 3 - 0*(-1)/3. Suppose -4*p - 78 = -2*o, -4*p = 3*o - 140 + 53. What is the highest common divisor of c and o?
3
Suppose 0 = 3*h - 8 - 4, -5*h + 4 = -2*u. Let j(c) = 16*c**2 - c - 1. Let k be j(-1). Calculate the greatest common divisor of u and k.
8
Suppose -12*z = -14*z + 4. Calculate the highest common factor of 4 and z.
2
Let d be 4*-1*(-1 + 2). Let t be 9/2 - d/(-8). Let w = 55 - 23. What is the greatest common factor of w and t?
4
Suppose -5*t + 2*q + 254 = 0, q - 32 = -4*t + 166. What is the highest common divisor of 10 and t?
10
Let a = 6 + -7. Let u be -2*(3 + -2)*a. Calculate the highest common factor of u and 14.
2
Let j(p) = -p + 2. Suppose 2*q = -0*g - 5*g + 4, 5*q = -5*g + 10. Let x be j(g). Calculate the greatest common factor of 2 and x.
2
Suppose 7*q - 316 = -99. What is the highest common divisor of 279 and q?
31
Let o(i) = 3*i**2 - 2*i - 3 + 3*i**2 - 3*i**2. Let q be o(-3). Suppose -x - g = -6, 0*g + q = 5*x + g. Calculate the highest common factor of 6 and x.
6
Suppose 13*r - 12 = 7*r. Suppose 2 = 2*k - g - 11, -4*g - 4 = 4*k. Suppose -p - 54 = -k*p. What is the greatest common factor of p and r?
2
Let o be (-18)/((-5)/(-4) + -2). Let g be (1/2)/(1/o). Suppose -2*d = 4, 0 = -p + 4*d + 6 + 86. Calculate the highest common factor of g and p.
12
Let y(s) = -10*s. Suppose 4*h = -2*k + 4, 5*h - 2*k = h - 12. Let d be y(h). What is the greatest common divisor of d and 25?
5
Let u = 162 + -82. What is the greatest common divisor of u and 16?
16
Suppose 3*t + 4*y - 19 = 0, -17 = -3*t + y - 3*y. Suppose 6 = -5*f + 5*u + 21, t*f - u - 35 = 0. What is the greatest common divisor of f and 40?
8
Suppose -3*w = -3*l + 7 - 4, l = -2*w + 10. Suppose -20 = -5*a + 2*c, -8 + w = -c. Calculate the greatest common divisor of a and 24.
6
Suppose 2*f - 20 = 7*f. Let n be (-9)/(-6) - 2/f. Suppose -o + n*a + 3 + 47 = 0, -5*o - a = -283. Calculate the greatest common factor of 8 and o.
8
Let a = -167 + 318. Let s = a - 106. Let y be 416/14 + (-8)/(-28). What is the greatest common factor of y and s?
15
Let x be 168*(0 + (-4 - -5)). What is the highest common factor of x and 21?
21
Suppose 0 = p - 1 - 3. Suppose 0 = p*j - 7*j + 177. Suppose 0 = 4*l - j + 3. Calculate the highest common divisor of 28 and l.
14
Suppose -5*z + 46 = -224. Suppose 5*c = c. Suppose c = 3*h - 9 - z. What is the highest common factor of 3 and h?
3
Let c be 1/(-6) + 2404/24. Suppose -4*i + 0*i + c = 0. Let t = 42 - i. Calculate the highest common factor of t and 187.
17
Let l(v) = 7*v - 4 + 0*v**2 + 2 + v**2. Let k be l(-5). Let x = 24 + k. What is the greatest common factor of 108 and x?
12
Suppose -3*r + 165 = -2*x, 4*r + 4*x - 110 = 2*r. Suppose 2*z - 49 = 6*n - n, -5*z - 5*n = -105. What is the highest common factor of z and r?
11
Suppose -2*c - j = -17, 3*j + 2*j = 2*c - 35. What is the highest common factor of 30 and c?
10
Let w(t) = -t**3 - 5*t**2 - 5*t - 6. Let q be w(-5). Suppose -92 = -2*x + 2*h + 68, -3*x - 2*h + 220 = 0. Calculate the highest common factor of x and